{"id":740,"date":"2023-03-07T06:28:55","date_gmt":"2023-03-07T06:28:55","guid":{"rendered":"https:\/\/themexriver.com\/wp\/elecrix\/?page_id=740"},"modified":"2026-01-29T01:20:29","modified_gmt":"2026-01-29T01:20:29","slug":"service","status":"publish","type":"page","link":"https:\/\/e-welson.de\/?page_id=740","title":{"rendered":"Service"},"content":{"rendered":"\t\t<div data-elementor-type=\"wp-page\" data-elementor-id=\"740\" class=\"elementor elementor-740\">\n\t\t\t\t\t\t<section class=\"elementor-section elementor-top-section elementor-element elementor-element-bff39df elementor-section-boxed elementor-section-height-default elementor-section-height-default\" data-id=\"bff39df\" data-element_type=\"section\" data-e-type=\"section\">\n\t\t\t\t\t\t<div class=\"elementor-container elementor-column-gap-default\">\n\t\t\t\t\t<div class=\"elementor-column elementor-col-100 elementor-top-column elementor-element elementor-element-797449c\" data-id=\"797449c\" data-element_type=\"column\" data-e-type=\"column\">\n\t\t\t<div class=\"elementor-widget-wrap elementor-element-populated\">\n\t\t\t\t\t\t<div class=\"elementor-element elementor-element-06c9b3c elementor-widget elementor-widget-ele-service-grid-id\" data-id=\"06c9b3c\" data-element_type=\"widget\" data-e-type=\"widget\" data-widget_type=\"ele-service-grid-id.default\">\n\t\t\t\t<div class=\"elementor-widget-container\">\n\t\t\t\t\t    <div class=\"elx-service-feed-content\">\n        <div class=\"row\">\n                        <div class=\"col-lg-3 col-md-6\">\n                <div class=\"elx-service-item-2  position-relative\">\n                    <div class=\"elx-service-img\">\n                        <img decoding=\"async\" src=\"https:\/\/e-welson.de\/wp-content\/uploads\/2024\/11\/home-security-system-with-motion-detectors-alarms-perimeter-protection-310x415.jpg\" alt=\"\">\n                    <\/div>\n                    <div class=\"elx-service-text-icon position-absolute\">\n                        <div class=\"service-icon position-absolute d-flex align-items-center justify-content-center\">\n                            <i class=\"fas fa-camera\"><\/i>\n                        <\/div>\n                        <div class=\"service-text headline pera-content\">\n                            <h3><a href=\"https:\/\/e-welson.de\/?elecrix_service=alarm-und-sicherheitsanlagen\">Alarm- und Sicherheitsanlagen<\/a><\/h3>\n                            <p><p>Ma\u00dfgeschneiderte Sicherheitssysteme f\u00fcr optimalen Schutz.<\/p>\n<\/p>\n                        <\/div>\n                    <\/div>\n                    <div class=\"elx-serice-read-more position-absolute\">\n                        <a href=\"https:\/\/e-welson.de\/?elecrix_service=alarm-und-sicherheitsanlagen\"><i class=\"fal fa-long-arrow-right\"><\/i><\/a>\n                    <\/div>\n                <\/div>\n            <\/div>\n                        <div class=\"col-lg-3 col-md-6\">\n                <div class=\"elx-service-item-2  position-relative\">\n                    <div class=\"elx-service-img\">\n                        <img decoding=\"async\" src=\"https:\/\/e-welson.de\/wp-content\/uploads\/2024\/11\/3d-illustration-fire-alarm-flat-design-style-abstract-310x415.jpg\" alt=\"\">\n                    <\/div>\n                    <div class=\"elx-service-text-icon position-absolute\">\n                        <div class=\"service-icon position-absolute d-flex align-items-center justify-content-center\">\n                            <i class=\"fas fa-fire-extinguisher\"><\/i>\n                        <\/div>\n                        <div class=\"service-text headline pera-content\">\n                            <h3><a href=\"https:\/\/e-welson.de\/?elecrix_service=brandmeldeanlagen-bma\">Brandmeldeanlagen (BMA)<\/a><\/h3>\n                            <p><p>Effektiver Brandschutz durch Installation und Wartung.<\/p>\n<\/p>\n                        <\/div>\n                    <\/div>\n                    <div class=\"elx-serice-read-more position-absolute\">\n                        <a href=\"https:\/\/e-welson.de\/?elecrix_service=brandmeldeanlagen-bma\"><i class=\"fal fa-long-arrow-right\"><\/i><\/a>\n                    <\/div>\n                <\/div>\n            <\/div>\n                        <div class=\"col-lg-3 col-md-6\">\n                <div class=\"elx-service-item-2  position-relative\">\n                    <div class=\"elx-service-img\">\n                        <img decoding=\"async\" src=\"https:\/\/e-welson.de\/wp-content\/uploads\/2024\/11\/side-view-progressive-ev-car-with-charging-station-green-foliage-background-310x415.jpg\" alt=\"\">\n                    <\/div>\n                    <div class=\"elx-service-text-icon position-absolute\">\n                        <div class=\"service-icon position-absolute d-flex align-items-center justify-content-center\">\n                            <i class=\"fas fa-charging-station\"><\/i>\n                        <\/div>\n                        <div class=\"service-text headline pera-content\">\n                            <h3><a href=\"https:\/\/e-welson.de\/?elecrix_service=ladestationen\">Ladestationen<\/a><\/h3>\n                            <p><p>Installation moderner Ladeinfrastruktur f\u00fcr Elektrofahrzeuge.<\/p>\n<\/p>\n                        <\/div>\n                    <\/div>\n                    <div class=\"elx-serice-read-more position-absolute\">\n                        <a href=\"https:\/\/e-welson.de\/?elecrix_service=ladestationen\"><i class=\"fal fa-long-arrow-right\"><\/i><\/a>\n                    <\/div>\n                <\/div>\n            <\/div>\n                        <div class=\"col-lg-3 col-md-6\">\n                <div class=\"elx-service-item-2  position-relative\">\n                    <div class=\"elx-service-img\">\n                        <img decoding=\"async\" src=\"https:\/\/e-welson.de\/wp-content\/uploads\/2024\/11\/soler-penal-house-310x415.jpg\" alt=\"\">\n                    <\/div>\n                    <div class=\"elx-service-text-icon position-absolute\">\n                        <div class=\"service-icon position-absolute d-flex align-items-center justify-content-center\">\n                            <i class=\"fas fa-solar-panel\"><\/i>\n                        <\/div>\n                        <div class=\"service-text headline pera-content\">\n                            <h3><a href=\"https:\/\/e-welson.de\/?elecrix_service=pv-anlagen\">PV-Anlagen<\/a><\/h3>\n                            <p><p>Installation nachhaltiger Photovoltaikanlagen mit Wartungsservice.<\/p>\n<\/p>\n                        <\/div>\n                    <\/div>\n                    <div class=\"elx-serice-read-more position-absolute\">\n                        <a href=\"https:\/\/e-welson.de\/?elecrix_service=pv-anlagen\"><i class=\"fal fa-long-arrow-right\"><\/i><\/a>\n                    <\/div>\n                <\/div>\n            <\/div>\n                        <div class=\"col-lg-3 col-md-6\">\n                <div class=\"elx-service-item-2  position-relative\">\n                    <div class=\"elx-service-img\">\n                        <img decoding=\"async\" src=\"https:\/\/e-welson.de\/wp-content\/uploads\/2024\/11\/male-female-architect-working-blueprint-310x415.jpg\" alt=\"\">\n                    <\/div>\n                    <div class=\"elx-service-text-icon position-absolute\">\n                        <div class=\"service-icon position-absolute d-flex align-items-center justify-content-center\">\n                            <i class=\"fas fa-hands-helping\"><\/i>\n                        <\/div>\n                        <div class=\"service-text headline pera-content\">\n                            <h3><a href=\"https:\/\/e-welson.de\/?elecrix_service=beratung-und-planung\">Beratung und Planung<\/a><\/h3>\n                            <p><p>Ma\u00dfgeschneiderte L\u00f6sungen von der Idee bis zur Umsetzung.<\/p>\n<\/p>\n                        <\/div>\n                    <\/div>\n                    <div class=\"elx-serice-read-more position-absolute\">\n                        <a href=\"https:\/\/e-welson.de\/?elecrix_service=beratung-und-planung\"><i class=\"fal fa-long-arrow-right\"><\/i><\/a>\n                    <\/div>\n                <\/div>\n            <\/div>\n                        <div class=\"col-lg-3 col-md-6\">\n                <div class=\"elx-service-item-2  position-relative\">\n                    <div class=\"elx-service-img\">\n                        <img decoding=\"async\" src=\"https:\/\/e-welson.de\/wp-content\/uploads\/2023\/03\/pro2-310x415.jpg\" alt=\"\">\n                    <\/div>\n                    <div class=\"elx-service-text-icon position-absolute\">\n                        <div class=\"service-icon position-absolute d-flex align-items-center justify-content-center\">\n                            <i class=\"flaticon-maintenance-2\"><\/i>\n                        <\/div>\n                        <div class=\"service-text headline pera-content\">\n                            <h3><a href=\"https:\/\/e-welson.de\/?elecrix_service=wartung-und-reparatur\">Wartung und Reparatur<\/a><\/h3>\n                            <p><p>Zuverl\u00e4ssige Wartung und Reparaturen f\u00fcr optimale Leistung.<\/p>\n<\/p>\n                        <\/div>\n                    <\/div>\n                    <div class=\"elx-serice-read-more position-absolute\">\n                        <a href=\"https:\/\/e-welson.de\/?elecrix_service=wartung-und-reparatur\"><i class=\"fal fa-long-arrow-right\"><\/i><\/a>\n                    <\/div>\n                <\/div>\n            <\/div>\n                        <div class=\"col-lg-3 col-md-6\">\n                <div class=\"elx-service-item-2  position-relative\">\n                    <div class=\"elx-service-img\">\n                        <img decoding=\"async\" src=\"https:\/\/e-welson.de\/wp-content\/uploads\/2023\/03\/tm4-310x415.jpg\" alt=\"\">\n                    <\/div>\n                    <div class=\"elx-service-text-icon position-absolute\">\n                        <div class=\"service-icon position-absolute d-flex align-items-center justify-content-center\">\n                            <i class=\"flaticon-wrench\"><\/i>\n                        <\/div>\n                        <div class=\"service-text headline pera-content\">\n                            <h3><a href=\"https:\/\/e-welson.de\/?elecrix_service=anlagenabnahme\">Anlagenabnahme<\/a><\/h3>\n                            <p><p>Sichere und korrekte Installation Ihrer technischen Anlagen.<\/p>\n<\/p>\n                        <\/div>\n                    <\/div>\n                    <div class=\"elx-serice-read-more position-absolute\">\n                        <a href=\"https:\/\/e-welson.de\/?elecrix_service=anlagenabnahme\"><i class=\"fal fa-long-arrow-right\"><\/i><\/a>\n                    <\/div>\n                <\/div>\n            <\/div>\n                        <div class=\"col-lg-3 col-md-6\">\n                <div class=\"elx-service-item-2  position-relative\">\n                    <div class=\"elx-service-img\">\n                        <img decoding=\"async\" src=\"https:\/\/e-welson.de\/wp-content\/uploads\/2023\/03\/pro4-310x415.jpg\" alt=\"\">\n                    <\/div>\n                    <div class=\"elx-service-text-icon position-absolute\">\n                        <div class=\"service-icon position-absolute d-flex align-items-center justify-content-center\">\n                            <i class=\"flaticon-maintenance-1\"><\/i>\n                        <\/div>\n                        <div class=\"service-text headline pera-content\">\n                            <h3><a href=\"https:\/\/e-welson.de\/?elecrix_service=e-prufung-dguv-v3\">E-Pr\u00fcfung &#038; DGUV V3<\/a><\/h3>\n                            <p><p>Elektropr\u00fcfungen nach gesetzlichen Sicherheitsstandards.<\/p>\n<\/p>\n                        <\/div>\n                    <\/div>\n                    <div class=\"elx-serice-read-more position-absolute\">\n                        <a href=\"https:\/\/e-welson.de\/?elecrix_service=e-prufung-dguv-v3\"><i class=\"fal fa-long-arrow-right\"><\/i><\/a>\n                    <\/div>\n                <\/div>\n            <\/div>\n                        <div class=\"col-lg-3 col-md-6\">\n                <div class=\"elx-service-item-2  position-relative\">\n                    <div class=\"elx-service-img\">\n                        <img decoding=\"async\" src=\"https:\/\/e-welson.de\/wp-content\/uploads\/2023\/02\/b3-310x415.jpg\" alt=\"\">\n                    <\/div>\n                    <div class=\"elx-service-text-icon position-absolute\">\n                        <div class=\"service-icon position-absolute d-flex align-items-center justify-content-center\">\n                            <i class=\"flaticon-broken-cable-1\"><\/i>\n                        <\/div>\n                        <div class=\"service-text headline pera-content\">\n                            <h3><a href=\"https:\/\/e-welson.de\/?elecrix_service=instandhaltung\">Instandhaltung<\/a><\/h3>\n                            <p><p>Regelm\u00e4\u00dfige Wartung zur Verl\u00e4ngerung der Anlagenlebensdauer.<\/p>\n<\/p>\n                        <\/div>\n                    <\/div>\n                    <div class=\"elx-serice-read-more position-absolute\">\n                        <a href=\"https:\/\/e-welson.de\/?elecrix_service=instandhaltung\"><i class=\"fal fa-long-arrow-right\"><\/i><\/a>\n                    <\/div>\n                <\/div>\n            <\/div>\n                        <div class=\"col-lg-3 col-md-6\">\n                <div class=\"elx-service-item-2  position-relative\">\n                    <div class=\"elx-service-img\">\n                        <img decoding=\"async\" src=\"https:\/\/e-welson.de\/wp-content\/uploads\/2023\/02\/ab1-310x415.jpg\" alt=\"\">\n                    <\/div>\n                    <div class=\"elx-service-text-icon position-absolute\">\n                        <div class=\"service-icon position-absolute d-flex align-items-center justify-content-center\">\n                            <i class=\"fas fa-headset\"><\/i>\n                        <\/div>\n                        <div class=\"service-text headline pera-content\">\n                            <h3><a href=\"https:\/\/e-welson.de\/?elecrix_service=kundendienst\">Kundendienst<\/a><\/h3>\n                            <p><p>24\/7 Unterst\u00fctzung f\u00fcr schnelle und effiziente L\u00f6sungen.<\/p>\n<\/p>\n                        <\/div>\n                    <\/div>\n                    <div class=\"elx-serice-read-more position-absolute\">\n                        <a href=\"https:\/\/e-welson.de\/?elecrix_service=kundendienst\"><i class=\"fal fa-long-arrow-right\"><\/i><\/a>\n                    <\/div>\n                <\/div>\n            <\/div>\n                        <div class=\"col-lg-3 col-md-6\">\n                <div class=\"elx-service-item-2  position-relative\">\n                    <div class=\"elx-service-img\">\n                        <img decoding=\"async\" src=\"https:\/\/e-welson.de\/wp-content\/uploads\/2023\/02\/slide-2-310x415.jpg\" alt=\"\">\n                    <\/div>\n                    <div class=\"elx-service-text-icon position-absolute\">\n                        <div class=\"service-icon position-absolute d-flex align-items-center justify-content-center\">\n                            <i class=\"flaticon-electrical-service\"><\/i>\n                        <\/div>\n                        <div class=\"service-text headline pera-content\">\n                            <h3><a href=\"https:\/\/e-welson.de\/?elecrix_service=pool-hot-tub-wiring\">Haustechnik<\/a><\/h3>\n                            <p><p>Planung, Installation und Wartung f\u00fcr Ihre Geb\u00e4udetechnik.<\/p>\n<\/p>\n                        <\/div>\n                    <\/div>\n                    <div class=\"elx-serice-read-more position-absolute\">\n                        <a href=\"https:\/\/e-welson.de\/?elecrix_service=pool-hot-tub-wiring\"><i class=\"fal fa-long-arrow-right\"><\/i><\/a>\n                    <\/div>\n                <\/div>\n            <\/div>\n                    <\/div>\n    <\/div>\n    \n    \t\t\t\t<\/div>\n\t\t\t\t<\/div>\n\t\t\t\t\t<\/div>\n\t\t<\/div>\n\t\t\t\t\t<\/div>\n\t\t<\/section>\n\t\t\t\t<\/div>\n\t\t","protected":false},"excerpt":{"rendered":"<p>Alarm- und Sicherheitsanlagen Ma\u00dfgeschneiderte Sicherheitssysteme f\u00fcr optimalen Schutz. Brandmeldeanlagen (BMA) Effektiver Brandschutz durch Installation und Wartung. Ladestationen Installation moderner Ladeinfrastruktur f\u00fcr Elektrofahrzeuge. PV-Anlagen Installation nachhaltiger Photovoltaikanlagen mit Wartungsservice. Beratung und Planung Ma\u00dfgeschneiderte L\u00f6sungen von der Idee bis zur Umsetzung. Wartung und Reparatur Zuverl\u00e4ssige Wartung und Reparaturen f\u00fcr optimale Leistung. Anlagenabnahme Sichere und korrekte Installation Ihrer [&hellip;]<\/p>\n","protected":false},"author":1,"featured_media":0,"parent":0,"menu_order":0,"comment_status":"closed","ping_status":"closed","template":"elecrix-template.php","meta":{"inline_featured_image":false,"footnotes":""},"class_list":["post-740","page","type-page","status-publish","hentry"],"_links":{"self":[{"href":"https:\/\/e-welson.de\/index.php?rest_route=\/wp\/v2\/pages\/740","targetHints":{"allow":["GET"]}}],"collection":[{"href":"https:\/\/e-welson.de\/index.php?rest_route=\/wp\/v2\/pages"}],"about":[{"href":"https:\/\/e-welson.de\/index.php?rest_route=\/wp\/v2\/types\/page"}],"author":[{"embeddable":true,"href":"https:\/\/e-welson.de\/index.php?rest_route=\/wp\/v2\/users\/1"}],"replies":[{"embeddable":true,"href":"https:\/\/e-welson.de\/index.php?rest_route=%2Fwp%2Fv2%2Fcomments&post=740"}],"version-history":[{"count":13,"href":"https:\/\/e-welson.de\/index.php?rest_route=\/wp\/v2\/pages\/740\/revisions"}],"predecessor-version":[{"id":1539,"href":"https:\/\/e-welson.de\/index.php?rest_route=\/wp\/v2\/pages\/740\/revisions\/1539"}],"wp:attachment":[{"href":"https:\/\/e-welson.de\/index.php?rest_route=%2Fwp%2Fv2%2Fmedia&parent=740"}],"curies":[{"name":"wp","href":"https:\/\/api.w.org\/{rel}","templated":true}]}}